e
Is 3308905 a multiple of 22?
False
Is 7475 a multiple of 2?
False
Does 41 divide 88519?
True
Does 24 divide 25512?
True
Is 1774352 a multiple of 29?
False
Is 178 a factor of 23479090?
True
Is 5623 a multiple of 19?
False
Does 9 divide 939600?
True
Does 9 divide 163475?
False
Is 31 a factor of 1499873?
True
Is 115 a factor of 2979650?
True
Is 18 a factor of 23742?
True
Is 17 a factor of 772903?
False
Is 6761568 a multiple of 24?
True
Is 215 a factor of 1139028?
False
Is 7 a factor of 110712?
True
Is 5 a factor of 459680?
True
Does 334 divide 175684?
True
Does 7 divide 181349?
True
Is 4487504 a multiple of 778?
True
Does 6 divide 3895015?
False
Is 275260 a multiple of 5?
True
Is 174759 a multiple of 39?
True
Does 15 divide 1974495?
True
Does 8 divide 211385?
False
Is 70 a factor of 53934?
False
Is 3 a factor of 355653?
True
Does 1049 divide 5492564?
True
Does 14 divide 628720?
False
Does 4 divide 348800?
True
Is 8 a factor of 896947?
False
Does 328 divide 919056?
True
Does 19 divide 650693?
True
Does 103 divide 115185?
False
Does 16 divide 65920?
True
Is 4406234 a multiple of 641?
True
Is 598 a factor of 9260533?
False
Is 2616234 a multiple of 241?
False
Is 144096 a multiple of 7?
False
Is 3805630 a multiple of 6?
False
Does 18 divide 1800446?
False
Is 65 a factor of 58600?
False
Does 37 divide 473722?
False
Is 5250 a multiple of 3?
True
Does 15 divide 2074296?
False
Is 67771 a multiple of 10?
False
Is 7744268 a multiple of 3?
False
Is 8 a factor of 1343144?
True
Is 64 a factor of 889600?
True
Is 191867 a multiple of 454?
False
Is 15870364 a multiple of 706?
False
Does 11 divide 81081?
True
Is 831901 a multiple of 170?
False
Does 592 divide 377890?
False
Is 85 a factor of 10276500?
True
Is 7 a factor of 144818?
False
Is 12 a factor of 488817?
False
Does 74 divide 73408?
True
Is 44352 a multiple of 176?
True
Is 281852 a multiple of 124?
True
Does 11 divide 531441?
False
Is 1543847 a multiple of 257?
False
Is 1817 a factor of 12525383?
False
Is 7620613 a multiple of 11?
True
Is 30 a factor of 1154430?
True
Is 28 a factor of 1077916?
True
Does 505 divide 535300?
True
Is 501860 a multiple of 273?
False
Is 9 a factor of 7401021?
False
Is 19 a factor of 1190793?
False
Does 174 divide 312769?
False
Is 19 a factor of 929271?
True
Is 694200 a multiple of 15?
True
Is 31 a factor of 74958?
True
Does 21 divide 37088?
False
Is 528 a factor of 1670592?
True
Is 267905 a multiple of 33?
False
Is 18 a factor of 192814?
False
Is 306 a factor of 9966977?
False
Is 88 a factor of 209355?
False
Is 13 a factor of 906165?
True
Is 1446584 a multiple of 62?
True
Is 36 a factor of 225161?
False
Is 472 a factor of 1614010?
False
Is 551442 a multiple of 438?
True
Is 3 a factor of 356697?
True
Does 823 divide 2193295?
True
Is 7 a factor of 1458644?
False
Does 398 divide 401582?
True
Is 91 a factor of 212891?
False
Is 22787 even?
False
Does 42 divide 68470?
False
Is 563175 a multiple of 15?
True
Is 6805883 a multiple of 456?
False
Is 20 a factor of 1305743?
False
Does 54 divide 63342?
True
Does 3 divide 102533?
False
Is 138852 a multiple of 38?
True
Does 300 divide 257341?
False
Is 1890048 a multiple of 1284?
True
Is 562760 a multiple of 5?
True
Is 70272 a multiple of 48?
True
Does 43 divide 369373?
False
Does 686 divide 13682003?
False
Does 534 divide 602352?
True
Is 8 a factor of 4198367?
False
Is 128 a factor of 3745?
False
Is 8360072 a multiple of 28?
True
Is 21160 a multiple of 20?
True
Is 29132 a multiple of 14?
False
Is 85888 a multiple of 16?
True
Is 2680973 a multiple of 439?
True
Is 11221 a multiple of 341?
False
Does 44 divide 291412?
True
Is 531757 a multiple of 19?
False
Is 630 a factor of 624330?
True
Is 3418676 a multiple of 2?
True
Is 904 a factor of 3121594?
False
Does 100 divide 699700?
True
Is 159636 a multiple of 2?
True
Does 5 divide 132232?
False
Does 652 divide 812522?
False
Does 47 divide 119803?
True
Does 74 divide 727557?
False
Does 387 divide 28502163?
True
Does 15 divide 2663181?
False
Is 127002 a multiple of 13?
False
Does 61 divide 175131?
True
Is 310871 a multiple of 59?
True
Is 31348 a multiple of 34?
True
Does 20 divide 130508?
False
Does 7 divide 1085745?
False
Is 32 a factor of 121918?
False
Is 2114541 a multiple of 272?
False
Does 494 divide 1923318?
False
Does 568 divide 350456?
True
Does 185 divide 692645?
False
Is 17 a factor of 490919?
False
Is 8 a factor of 267664?
True
Does 118 divide 219717?
False
Is 4201065 a multiple of 1265?
True
Is 5 a factor of 82715?
True
Is 618390 a multiple of 9?
True
Is 13 a factor of 2452996?
True
Is 211807 a multiple of 23?
True
Does 56 divide 8361864?
True
Is 505728 a multiple of 144?
True
Is 8 a factor of 986340?
False
Does 8 divide 186184?
True
Is 139228 a multiple of 107?
False
Is 2312722 a multiple of 37?
True
Does 18 divide 1022742?
True
Does 308 divide 485015?
False
Is 94800 a multiple of 48?
True
Is 100 a factor of 17573574?
False
Is 11871320 a multiple of 926?
True
Does 4 divide 1042?
False
Is 25 a factor of 1149991?
False
Does 16 divide 19133?
False
Is 202 a factor of 49086?
True
Does 216 divide 4806000?
True
Is 116 a factor of 502048?
True
Is 2510 a factor of 30461586?
False
Is 129792 a multiple of 48?
True
Does 552 divide 16233216?
True
Is 871002 a multiple of 249?
True
Is 39 a factor of 3291?
False
Is 326 a factor of 1641410?
True
Is 6665028 a multiple of 117?
False
Is 57749 a multiple of 3?
False
Is 8300331 a multiple of 13?
True
Is 476976 a multiple of 27?
False
Is 3647968 a multiple of 11?
False
Is 2 a factor of 107637?
False
Does 1131 divide 1883115?
True
Is 373520 a multiple of 290?
True
Is 93348 a multiple of 13?
False
Does 13 divide 182704?
False
Does 64 divide 1070053?
False
Does 60 divide 8765040?
True
Is 18 a factor of 511990?
False
Does 147 divide 721151?
False
Is 88140 a multiple of 260?
True
Is 39 a factor of 9493736?
False
Is 195182 a multiple of 13?
True
Does 44 divide 106216?
True
Is 44 a factor of 6040526?
False
Does 800 divide 1592383?
False
Does 107 divide 365799?
False
Does 52 divide 177150?
False
Is 1889180 a multiple of 236?
True
Is 27232 a multiple of 36?
False
Is 69 a factor of 134412?
True
Does 8 divide 1101024?
True
Is 42 a factor of 2903749?
False
Is 849892 a multiple of 8?
False
Is 50 a factor of 873681?
False
Is 368636 a multiple of 54?
False
Is 15 a factor of 4406850?
True
Is 40386 a multiple of 254?
True
Is 1694470 a multiple of 29?
True
Is 6185620 a multiple of 595?
True
Does 37 divide 25130727?
False
Does 32 divide 23008?
True
Does 2 divide 5826?
True
Does 63 divide 651924?
True
Is 34 a factor of 3401394?
True
Is 158 a factor of 3375106?
False
Is 110 a factor of 2832879?
False
Does 27 divide 2435580?
False
Does 48 divide 481440?
True
Does 67 divide 5576882?
False
Does 835 divide 7098110?
False
Does 892 divide 623508?
True
Does 5 divide 195958?
False
Is 20 a factor of 47000?
True
Is 40 a factor of 192116?
False
Does 19 divide 3704721?
False
Is 459 a factor of 3671082?
True
Is 16 a factor of 27899801?
False
Is 154352 even?
True
Does 3 divide 16752?
True
Is 96 a factor of 2754867?
False
Is 414400 a multiple of 10?
True
Is 63370 a multiple of 3?
False
Is 462 a factor of 16419403?
False
Is 29 a factor of 5249?
True
Is 15 a factor of 4469128?
False
Does 9 divide 44181?
True
Is 144177 a multiple of 10?
False
Is 222068 a multiple of 7?
True
Is 3148974 a multiple of 43?
False
Is 230930 a multiple of 10?
True
Is 8869534 a multiple of 40?
False
Is 4102784 a multiple of 532?
True
Does 7 divide 223321?
True
Is 37185 a multiple of 201?
True
Is 22740 a multiple of 5?
True
Is 78 a factor of 4362095?
False
Is 243 a factor of 676026?
True
Does 150 divide 2190600?
True
Is 97 a factor of 11767794?
False
Does 59 divide 273154?
False
Is 432538 a multiple of 8?
False
Is 85416 a multiple of 8?
True
Does 98 divide 2481228?
False
Is 14916 a multiple of 226?
True
Does 8 divide 2937720?
True
Is 1856301 a multiple of 3?
True
Is 830448 a multiple of 144?
True
Is 1005173 a multiple of 68?
False
Is 715942 a multiple of 41?
True
Does 42 divide 7224?
True
Does 234 divide 5530122?
True
Is 1345616 a multiple of 296?
True
Does 18 divide 231869?
False
Does 37 divide 17903968?
False
Does 4 divide 474269?
False
Is 326 a factor of 2020495?
False
Is 17 a factor of 13362?
True
Does 33 divide 6191